at is the hundreds digit of f(35)?
8
Suppose r = y + 3*y + 60, -4*y = -2*r + 64. What is the tens digit of (1 + (2 - 1))*(-5355)/y?
6
Let w(t) = 6*t + 274. Let p be w(0). Let l = 486 - p. What is the units digit of l?
2
Let k = 137 - 135. Suppose 4*z + k*z - 3300 = 0. What is the hundreds digit of z?
5
Let v be (-5 - -5 - -6) + -6. Suppose -3*k + 0*o + 5*o + 271 = v, -3*o + 342 = 4*k. What is the units digit of k?
7
Let v be 6/4*25060/42. Suppose v = 4*d - 2*h - 61, 0 = 4*d + 5*h - 984. Let b = d + -135. What is the units digit of b?
6
Let m = -64 - -76. Suppose -4*z = -m*z - 248. Let t = z + 38. What is the units digit of t?
7
Suppose 555*q + 515*q - 1019*q - 1618230 = 0. What is the tens digit of q?
3
Let a(k) = 15*k**2 + 86*k - 3786. What is the thousands digit of a(43)?
7
Suppose -137*w = -122*w - 18135. What is the hundreds digit of w?
2
Let m = 17641 - 6078. What is the ten thousands digit of m?
1
Let f(o) = o**2 - 16*o - 28. Let j be f(22). Let q = j - -108. What is the units digit of q?
2
Let h = -54 - -34. Let z be ((5 + -3)/(-2))/(2/202). Let w = h - z. What is the tens digit of w?
8
What is the hundreds digit of (1203/(-6))/((-6482)/588 + 11)?
4
Let q be ((-73)/(-2))/1 - (-2)/(-4). Suppose 4*f - q = 112. Suppose 8 = c - f. What is the tens digit of c?
4
Suppose 0 = -3*x - 4*u + 145082, 135*u = -3*x + 139*u + 145018. What is the tens digit of x?
5
Let c = 156555 - 106011. What is the thousands digit of c?
0
What is the tens digit of (13 - 715/39)*(-14334)/4?
1
Let a(v) = 14*v - 4 + 4. Suppose 0*p - 55 = -11*p. What is the units digit of a(p)?
0
Suppose 2 = -18*c - 52. Let w(k) = -367*k - 140. What is the units digit of w(c)?
1
Let h(g) = -100*g**2 + 65*g + 17. Let x be h(25). What is the hundreds digit of (-3)/(-10) - x/140?
4
Suppose -3*b = -1095 - 285. Suppose -2*o + 3*v = -0*v - 7, -v + 9 = 5*o. Suppose c + 2*a + b = 6*c, 4*a + 168 = o*c. What is the units digit of c?
4
Suppose -47*p = -37*p - 5490. Suppose -4*x + 547 + p = 0. What is the units digit of x?
4
Let p = -1438 - -2162. What is the tens digit of p?
2
Let r be 240 + 5 + 33/(-3). Let s = r - -71. What is the units digit of s?
5
Let p = 171 + -152. What is the hundreds digit of (p/(114/4))/((-1)/(-1131))?
7
Let f(r) = -r**3 + 11*r**2 + 10*r - 2. Let m = -57 - -51. Let a be f(m). Suppose 6*c = c + a. What is the units digit of c?
0
Let h = 18908 - 1458. What is the hundreds digit of h?
4
Suppose -2*g - 2*g = -4*l - 4, -4*g + 12 = -2*l. Let a(k) = 17*k**2 + 74. Let x be a(7). Suppose -r + 195 = m - l*r, x = 5*m + 2*r. What is the tens digit of m?
8
Let x(h) = -215*h - 516. What is the tens digit of x(-37)?
3
Let p = -1005 + 4220. What is the tens digit of p?
1
Suppose 9*a - 12*a - 6 = 0. What is the hundreds digit of (30/4 - 8) + (-1053)/a?
5
Suppose -11*l + 128031 + 9647 = -60245. What is the tens digit of l?
9
Suppose 13 = -4*h + 5*k, -5*h = -9*k + 4*k + 10. Suppose 3*n + 4*f + 12 = 0, -n - 6*f - 4 = -h*f. What is the tens digit of 501/9 + n/(-12)?
5
Let a = -49 + 55. Let f be ((-4)/a)/(5*9/(-135)). Let o = 97 + f. What is the tens digit of o?
9
Let z = 97 - 95. Let o(p) = 201*p + 4. Let y be o(z). Let w = y + -282. What is the units digit of w?
4
Suppose 425 = 5*d + 3*t + 2*t, -2*d + 5*t + 149 = 0. Suppose d = -4*h + 1234. What is the tens digit of h?
8
Let g = 53 + -56. Let u(o) = 28*o**2 + 5*o + 7. What is the units digit of u(g)?
4
Let x = -4087 - -2500. What is the units digit of (-2 + 1)/(((-9)/x)/(-3))?
9
Let i(r) = 5*r**2 + 2*r - 5. Let f be i(4). Suppose -9*t - 34 = -826. Let z = t + f. What is the tens digit of z?
7
What is the tens digit of (519*(-9)/27)/(3577/1792 + -2)?
8
Suppose -3*h - 79 + 210 = x, -2*x = -5*h + 233. Let g = h - -475. What is the tens digit of g?
2
Let q be (-224)/(-48)*(-54)/(-7). Suppose -40*w + q*w = -76. Suppose 2*c = w + 15. What is the tens digit of c?
1
Let f = -35853 - -53176. What is the units digit of f?
3
Let r be 18 - 21 - 5/((-5)/612). Suppose w - r = 5*x + 110, 4*w + 5*x - 2976 = 0. What is the hundreds digit of w?
7
Let j(u) = 5*u**2 + u - 2. Let m be j(2). Let a be 6/15 + (-2)/(m/(-326)). Suppose 2*f - 87 = -a. What is the units digit of f?
7
Let t(q) = 321*q - 8283. What is the thousands digit of t(43)?
5
Suppose 0 = -3*i - 4*x + 55468, 106709 = 4*i + 4*x + 32757. What is the tens digit of i?
8
Suppose 0 = -4*s + 2*a + 16, 4*s - a - 11 = s. Let m be (-742)/(-8) - (22/8 - s). Let d = m + 46. What is the units digit of d?
9
Suppose v - 3*b - 3416 = 0, -3616 + 192 = -v + 5*b. What is the thousands digit of v?
3
Let j = 17470 - 11668. What is the hundreds digit of j?
8
Suppose 0 = -187*d + 554*d - 3948305 - 7198219. What is the units digit of d?
2
Suppose 1399394 = 145*g - 293771. What is the units digit of g?
7
Suppose 4*x - 16 = 5*w, -6*x = 5*w - 4*x - 8. Suppose 9*r - 4*r - 1525 = w. What is the hundreds digit of r?
3
Suppose 777997 = 68*s - 238671. What is the tens digit of s?
5
Let l(g) = 10 - 1 + 29 - 4*g. Let w be l(9). Suppose 2*x + 2*y - 228 = 0, 0*x + 3*y - 230 = -w*x. What is the hundreds digit of x?
1
Let z = -74 + 106. What is the hundreds digit of 4128/z*(-6)/(-2)?
3
Suppose 0 = -2*p + p, -5*s + 4*p + 3235 = 0. Suppose s - 1580 = -4*x + w, -5*x + w + 1167 = 0. What is the tens digit of x?
3
Let c(f) = -75*f**3 - 4*f**2 - f + 1. Let z be (1/(-3))/(4*3/(-72)). Suppose 0*a = -z*a - 4*g + 18, 2*g - 8 = -2*a. What is the units digit of c(a)?
3
Let x(y) be the second derivative of -4*y**3 + 20*y**2 + 31*y. Let u be x(-13). Suppose -3*m - 546 = -3*t, -m - u = -2*t - 2*m. What is the tens digit of t?
7
Let q be (-152)/(-10) - (-5 + 104/20). Suppose 6*c = c - q. What is the hundreds digit of c + 4/8*(466 - 0)?
2
Suppose -54*h = 126*h + 99*h - 5805711. What is the units digit of h?
9
Let w(u) = -26*u + 3. Let q be w(2). Let g = -48 - q. Suppose -c = -0 - g. What is the units digit of c?
1
Suppose 3*b = 2*b - 30. Let z(y) = -6*y - 19. What is the units digit of z(b)?
1
Let r = -159 - 64. Let k = -106 - r. What is the hundreds digit of k?
1
Let l be -5 - (-4 - -3)*8. Suppose 5*m - 3*k - 740 - 158 = 0, 536 = l*m + k. Suppose 5*a = 3*j + m, -1 = -2*j - 7. What is the units digit of a?
4
Let j be (-2)/(-5)*-1*570/(-38). What is the units digit of (181/j*-2)/((-258)/774)?
1
Let z be (44/(-33))/(132/(-63) + 2). Let s(w) = w**3 - 12*w**2 + 2*w + 44. Let q be s(z). What is the hundreds digit of q/5*(-30)/(-12)?
2
Let q = -24349 - -45390. What is the units digit of q?
1
Let c(r) = 273*r**2 + 121*r - 350. What is the thousands digit of c(3)?
2
Let c(r) = -56*r**3 - 62*r**3 + 111*r**3 - r**2 - 7*r + 2. What is the units digit of c(-4)?
2
Let h = 12169 - -1934. What is the tens digit of h?
0
Suppose -4 = -4*y, -4*y + 13229 = 5*i - 30245. What is the thousands digit of i?
8
Suppose 27682661 + 14356258 = 481*h. What is the thousands digit of h?
7
Suppose -54*t + 12567 = -51*t - u, 2*t = u + 8379. What is the tens digit of t?
8
Let l be (0 - -1)*2 - (0 + 1). Let b be (-14 - -11)/((6/(-8))/l). Let m(x) = 5*x**2 - 2*x - 1. What is the tens digit of m(b)?
7
Suppose 4*s + 1104 = 2*r, 0*s + 550 = r - 4*s. Suppose 548*i + 2298 = r*i. What is the tens digit of i?
8
Suppose 20*k - 15507 = 273073. What is the units digit of k?
9
Let u(z) = -11*z**3 + 4*z**2 - z + 1. Let m(d) = -d**3 - d**2. Let s(w) = 4*m(w) + u(w). Let c be s(-2). Let b = c - 71. What is the tens digit of b?
5
Let m be (1 - (-159)/(-15))/(1/(-5)). Let o be ((-23)/(-2) + 0)*m/(-4). Let w = 296 + o. What is the units digit of w?
8
Suppose 11*t - 16829 = 10561. Suppose 0 = -24*g + 9*g + t. Let d = g - 122. What is the tens digit of d?
4
What is the hundreds digit of -1 + -7 - (3 + -20158)?
1
Let n be 37575/6 - (-8)/((-64)/4). Suppose 39*a - n = 45803. What is the units digit of a?
5
Suppose f = 3*f - 388. Suppose m = 5, 3*t + 15*m - 1082 = 17*m. Let g = t - f. What is the tens digit of g?
7
Let r be (-51)/(-27) + 1/9. Suppose -4*m - 4*g + 3066 = 342, -r*m = 3*g - 1366. What is the tens digit of m?
7
Let x be (-6)/4 + 109326/(-84). Let b = x + 2177. What is the tens digit of b?
7
Suppose -31*w + 27*w = 48. Let i be (-18)/(-8)*(-16)/w. Suppose 0*b + i*b - 219 = 0. What is the tens digit of b?
7
Let f(z) = 5*z**2 - 2*z - 2. Let y be f(-1). Suppose 5*l + y*v = v - 163, -v - 126 = 4*l